 6*i + b = -3*i, 2*z - i = 22. What are the prime factors of z?
3
Let x = 13 - 8. Let h(f) = 3*f + 3 + 1 - x - f. List the prime factors of h(2).
3
Suppose -6*j + 252 = -228. What are the prime factors of j?
2, 5
Suppose -3*a - 88 = -5*w + a, -3*w - 3*a + 69 = 0. List the prime factors of w.
2, 5
Let h(z) = z + 8. Let x be h(-6). Suppose 4*c = 2*r + 3 - 15, 2*r - 16 = x*c. Suppose b = -2*t + r, -2*b = 3*t + 3*b - 1. List the prime factors of t.
7
Suppose 0 = -c + 2*t - 5, -5*c - t + 2 = -17. List the prime factors of 0 - (-28 - c/3).
29
Let p(z) be the third derivative of -z**4/4 - z**3/6 - 3*z**2. Let v be p(-1). Suppose -45 = -v*b - 5. List the prime factors of b.
2
Let x = -1 - -1. Suppose s - 10 = -5*n, -2*s + n + 6 + 3 = 0. Let b = s - x. List the prime factors of b.
5
Let s = 143 + 19. What are the prime factors of s?
2, 3
Let j = -41 - -60. Let i = j + -13. List the prime factors of i.
2, 3
Suppose j = 2*j + 9. Let r = j + 12. What are the prime factors of r?
3
Suppose 5*i = 4*i. Suppose i*o - 2*o = -4. What are the prime factors of o?
2
Let d be (-3)/(-12) - 78/(-8). List the prime factors of 9/(-15) - (-56)/d.
5
Let z(g) = g**2 - 7*g - 4. Let c be z(7). What are the prime factors of 280/45 - c/(-18)?
2, 3
Let b = -1 - 2. Let k(a) = -a**3 - a**2 + 4*a. List the prime factors of k(b).
2, 3
Let a be 6/14 - (-18)/7. Suppose -9 = -3*m - 3*n, 0*m + 4*n = -m - a. List the prime factors of m.
5
Suppose 2*r - 10 = 0, 2*j - r - 93 = -0*j. What are the prime factors of j?
7
List the prime factors of 6/30 + ((-522)/(-15))/1.
5, 7
Let i = -42 - -22. Let v = i - -29. What are the prime factors of v?
3
Let d(z) = -z**3 - 4*z**2 + 3*z - 7. Let m be d(-5). Suppose 3 = 5*u - 7. Suppose -m*x = u*x - 25. What are the prime factors of x?
5
Let m(b) = b**2 - 4*b - 4. Let v = 13 + -9. Suppose -y - v = -10. List the prime factors of m(y).
2
Let p(o) = -8*o + 23. List the prime factors of p(-8).
3, 29
Suppose -m = 4*a + 2*m - 140, -2*m + 175 = 5*a. Suppose 14 = -b + a. List the prime factors of b.
3, 7
Suppose 3*o + 5*r - 61 = 0, 0*r + 3*r = -5*o + 123. What are the prime factors of o?
3
What are the prime factors of ((-16)/6)/(10/(-90))?
2, 3
Let t(x) = -4*x**3 - 4*x**2 - 12*x + 1. What are the prime factors of t(-4)?
241
Let x(t) = t**2 + 2*t + 9. Let r(p) = 28 + 3*p**2 + 2*p + 2*p + 3*p. Let w(v) = -2*r(v) + 7*x(v). What are the prime factors of w(0)?
7
Suppose 0 = -3*w + 8*w - 90. List the prime factors of w.
2, 3
Let z(c) = -2*c - 2. Let x be z(-5). Let v = -11 + x. What are the prime factors of (0 - 21)*1/v?
7
Suppose -5*r + 153 = 2*m, 2*m = -r + 8 + 21. List the prime factors of r.
31
Let t = 8 + -2. Let x be 1*(2 - -11) + -2. Let s = x - t. What are the prime factors of s?
5
Let m(h) = 7*h + 6. Let q be m(-4). Let o = 34 + q. What are the prime factors of 22/3*o/8?
11
Suppose 57 = -9*f + 12*f. Let u = 44 - f. List the prime factors of u.
5
Let m be 15 - -1*2*-1. Suppose 5*x = m + 2. Suppose x*a - 24 = -a. List the prime factors of a.
2, 3
Let f = 366 + -205. What are the prime factors of f?
7, 23
Suppose 6*z - 4*z = -4*a - 4, 2 = 3*z - 2*a. Suppose z*w + 12 = w. Suppose i - w = -u, -5*u - 3*i = -28 - 22. What are the prime factors of u?
7
Suppose 3*y - 5*u = -251, -u = -y + u - 82. Let r = -9 - y. Suppose -5*c + r = 3. List the prime factors of c.
2
Let y = 2 + 1. Suppose y*t = -2*t + 60. What are the prime factors of t?
2, 3
Suppose -5*h = -8*h + 816. What are the prime factors of h?
2, 17
Suppose -v = 2*l - l - 372, 4*v = -2*l + 1494. List the prime factors of v.
3, 5
What are the prime factors of ((-1)/2)/((-4)/584)?
73
Let a = -8 + 28. What are the prime factors of a?
2, 5
Let o = -9 - -13. Suppose -o*l = 8 - 28. List the prime factors of l.
5
Let a = 2 - 4. Let d be ((-96)/40)/(a/10). Suppose 3*m - 18 - d = 0. What are the prime factors of m?
2, 5
Let p(k) = -73*k. Let w be p(-4). Suppose -2*b = 2*m - 122, 5*b - 29 = 3*m + w. List the prime factors of (b/(-28))/((-6)/16).
2, 3
Let p(v) be the third derivative of 11*v**4/24 + v**3/3 - 2*v**2. List the prime factors of p(3).
5, 7
Let g(p) = -p**2 - 7*p + 6. Let k be g(-7). Let i be 82/4*(k - 4). Suppose 2*h - 20 = -3*u - 0*u, 5*h = -3*u + i. List the prime factors of h.
7
Suppose -5*p = -23 + 8. Suppose z + 8 = -p*z. List the prime factors of (2 - 0)/z*-12.
2, 3
Let x = 72 - 58. What are the prime factors of x?
2, 7
Suppose 5*q - 2*l + 6*l = -14, 4*l - 4 = -2*q. Let c(r) = -3*r - 7. What are the prime factors of c(q)?
11
Suppose -10*k = -2*k - 648. List the prime factors of k.
3
Suppose 0*o - 2*o = 2*q - 18, 38 = 4*q + 2*o. List the prime factors of q.
2, 5
Let n = 323 - 172. List the prime factors of n.
151
What are the prime factors of 1 - (11 + -2)*-1?
2, 5
Let h(d) = d**3 + 6*d**2 - 2*d - 8. Let g be h(-6). Suppose -30 = -4*a + 5*i, -5*i - 26 + 76 = g*a. Let m = a - -3. What are the prime factors of m?
13
What are the prime factors of 43 + 8 + -4 + -2?
3, 5
List the prime factors of 54 + -3*12/(-9).
2, 29
List the prime factors of 0 + -1 + 4 + 2.
5
Suppose u = 3*w + 45, 4*u = 3*w + 37 + 125. Suppose u = 4*s - s. List the prime factors of s.
13
Suppose 2*j - 704 = -6*j. What are the prime factors of j?
2, 11
Let s(a) = -2*a - 2. Let f be s(-3). Suppose 144 = 7*m - 2*m + 2*p, -f*m - 2*p + 116 = 0. List the prime factors of m.
2, 7
List the prime factors of 5*2*3/6.
5
Suppose 0 = -8*z + 3*z - 5*c + 15, 5*c - 11 = -3*z. Let r = z - -6. List the prime factors of r.
2
Suppose 2*i = -2, 3*y + y + 3*i = -23. List the prime factors of y/(3 + -5 + 1).
5
Suppose 0 = b - 132 - 267. List the prime factors of b.
3, 7, 19
Let i = 15 + 29. What are the prime factors of i?
2, 11
Suppose -3*h + h = -58. Suppose 3 = t - h. What are the prime factors of t?
2
Let n = 1 - -1. Suppose n*r + 7 = 33. List the prime factors of r.
13
Suppose -5*j = -j + 3*r + 57, -42 = 4*j - 2*r. Let w = j + 22. What are the prime factors of w?
2, 5
Suppose -3*b - 2 = 10. Let a be 20/6*12/(-10). List the prime factors of (6/b)/(2/a).
3
Let q(r) = 5*r - 11. What are the prime factors of q(8)?
29
Let f = -160 + 226. What are the prime factors of f?
2, 3, 11
Let d(j) = 4*j**3 + j - 1. Let g be d(1). Suppose -3*m = -g*l + 37, -m + 47 = 5*l - 23. List the prime factors of l.
13
Let t = 137 + -49. Suppose k + 3*k = -t. Let o = k + 34. List the prime factors of o.
2, 3
Let l be (-102)/(-27) + 4/18. Suppose 0*m - m + 47 = -4*h, 0 = -l*m + 2*h + 118. List the prime factors of m.
3
Suppose -u - 3*z + 17 = 0, -1 = -3*u + z - 0. Suppose 0 = u*p - 4*t + 10, 5*p - 3*t - 12 = -2. What are the prime factors of p?
5
Let l(a) = -a**3 + 4*a**2 + 9*a - 2. Let h be l(6). Let p be (-48)/(-10)*h/(-6). Suppose 0 = 4*n - n - 12, -p = -5*k + n. List the prime factors of k.
2
Let i = 3 - -1. Let b(m) = 5*m - 3. List the prime factors of b(i).
17
Suppose 5*a - 810 = -3*h - 0*a, 2*a + 810 = 3*h. List the prime factors of h/8 - 2/(-8).
2, 17
Suppose -3*m - 18 = 6. Let d be ((-3)/6)/(2/m). Suppose 3*a = d*a - 3*y + 8, 3*a = -y + 16. What are the prime factors of a?
5
Let p = -15 - -11. Let m be (-6)/p*8/(-4). List the prime factors of (m/2 + 2)*6.
3
Let s(v) = -184*v - 12. List the prime factors of s(-1).
2, 43
Suppose 18*j - 3*j = 1335. What are the prime factors of j?
89
Let p(m) = 28*m**2. Let t be p(1). Suppose -5*i = -4*a + 40, 0*i + 2*i + t = 4*a. Let z(b) = b**2 - 4*b + 2. List the prime factors of z(a).
7
Suppose -z + 177 = 2*z. List the prime factors of z.
59
Let w be (-4)/(-18) + 16/9. Let u = w + 1. What are the prime factors of (10 - (-2 + u)) + -1?
2
What are the prime factors of 2*2 + 2/((-6)/(-435))?
149
Suppose -90 = -5*p + 3*p. Let y = 76 - p. What are the prime factors of y?
31
Let x(d) = d**3 + 12*d**2 - 9*d - 12. What are the prime factors of x(-12)?
2, 3
Let k(b) = b. Let i(x) = -x**3 + 5*x**2 - 2*x - 2. Let h be i(2). Let n = h - 2. List the prime factors of k(n).
2
Let d(b) be the first derivative of -b**4/4 + b**3/3 + 23*b - 2. What are the prime factors of d(0)?
23
Let m = 15 - 9. Suppose -m = -2*g + 6. What are the prime factors of g?
2, 3
List the prime factors of 1/3 - (-1105)/15.
2, 37
What are the prime factors of (-1)/(3*(-3)/162)?
2, 3
Let j(v) = -2*v + 11. What are the prime factors of j(-7)?
5
Suppose -40 = -2*x + 2*f - 0*f, 0 = 